{"id":3220,"date":"2022-01-18T16:53:09","date_gmt":"2022-01-18T16:53:09","guid":{"rendered":"http:\/\/tendenciascortinasypersianas.com\/1\/?page_id=3220"},"modified":"2022-01-25T00:56:22","modified_gmt":"2022-01-25T00:56:22","slug":"persianas-en-aluminio","status":"publish","type":"page","link":"https:\/\/tendenciascortinasypersianas.com\/1\/persianas-en-aluminio\/","title":{"rendered":"Persianas en Aluminio"},"content":{"rendered":"<p>[vc_row][vc_column offset=&#8221;vc_col-lg-offset-1 vc_col-lg-10 vc_col-md-12&#8243; el_class=&#8221;lg-col-pd-left-right-15&#8243; css=&#8221;.vc_custom_1620197640542{padding-right: 85px !important;padding-left: 85px !important;}&#8221;][vc_column_text css=&#8221;.vc_custom_1642524493279{margin-bottom: 0px !important;}&#8221;]<\/p>\n<div class=\"elementor-element elementor-element-9da1cb2 elementor-blockquote--skin-border elementor-blockquote--button-color-official elementor-widget elementor-widget-blockquote\" data-id=\"9da1cb2\" data-element_type=\"widget\" data-widget_type=\"blockquote.default\">\n<div class=\"elementor-widget-container\">\n<div class=\"elementor-element elementor-element-14ded3d elementor-blockquote--skin-border elementor-blockquote--button-color-official elementor-widget elementor-widget-blockquote\" data-id=\"14ded3d\" data-element_type=\"widget\" data-widget_type=\"blockquote.default\">\n<div class=\"elementor-widget-container\">\n<div class=\"elementor-element elementor-element-5a078c3 elementor-blockquote--skin-border elementor-blockquote--button-color-official elementor-widget elementor-widget-blockquote\" data-id=\"5a078c3\" data-element_type=\"widget\" data-widget_type=\"blockquote.default\">\n<div class=\"elementor-widget-container\">\n<div class=\"elementor-element elementor-element-ee89f40 elementor-blockquote--skin-border elementor-blockquote--button-color-official elementor-widget elementor-widget-blockquote\" data-id=\"ee89f40\" data-element_type=\"widget\" data-widget_type=\"blockquote.default\">\n<div class=\"elementor-widget-container\">\n<div class=\"elementor-element elementor-element-6b7e02e elementor-blockquote--skin-border elementor-blockquote--button-color-official elementor-widget elementor-widget-blockquote\" data-id=\"6b7e02e\" data-element_type=\"widget\" data-widget_type=\"blockquote.default\">\n<div class=\"elementor-widget-container\">\n<div class=\"elementor-element elementor-element-95f8211 elementor-blockquote--skin-border elementor-blockquote--button-color-official elementor-widget elementor-widget-blockquote\" data-id=\"95f8211\" data-element_type=\"widget\" data-widget_type=\"blockquote.default\">\n<div class=\"elementor-widget-container\">\n<div class=\"elementor-element elementor-element-9230534 elementor-blockquote--skin-border elementor-blockquote--button-color-official elementor-widget elementor-widget-blockquote\" data-id=\"9230534\" data-element_type=\"widget\" data-widget_type=\"blockquote.default\">\n<div class=\"elementor-widget-container\">\n<p class=\"elementor-blockquote__content\"><span style=\"color: #333333;\">Las Persianas Horizontales en Aluminio, son un dise\u00f1o pr\u00e1ctico y funcional de f\u00e1cil manejo, que siempre estar\u00e1 vigente por ser vers\u00e1til y durable.<\/span><\/p>\n<\/div>\n<\/div>\n<div class=\"elementor-element elementor-element-92867c6 elementor-widget elementor-widget-text-editor\" data-id=\"92867c6\" data-element_type=\"widget\" data-widget_type=\"text-editor.default\">\n<div class=\"elementor-widget-container\">\n<div class=\"elementor-text-editor elementor-clearfix\">\n<div data-packed=\"true\">\n<p><span style=\"color: #333333;\">Las Persianas Horizontales en Aluminio est\u00e1n compuestas de laminillas que tienen un temple Full Hard H-19. El producto conlleva un proceso de calentamiento que parcialmente endurece el substrato, por lo que el acabado final tiene un temple H-28 para aleaci\u00f3n 6011, evitando el que la lamina se pandee.<\/span><\/p>\n<p><span style=\"color: #333333;\">El freno est\u00e1 elaborado en policarbonato con ruedas dentadas en bronce y barras separadoras para el cordel, convirti\u00e9ndolo en un elemento seguro y r\u00e1pido. El inclinador es fabricado en policarbonato con pi\u00f1\u00f3n sin fin en este mismo material, asegurando una excelente calidad y suavidad en el movimiento. El bast\u00f3n de mando es en acr\u00edlico tratado con aditivos resistentes a los rayos ultravioleta para prevenir que se deteriore o se decolore.<\/span><\/p>\n<\/div>\n<\/div>\n<\/div>\n<\/div>\n<\/div>\n<\/div>\n<\/div>\n<\/div>\n<\/div>\n<\/div>\n<\/div>\n<\/div>\n<\/div>\n<\/div>\n<\/div>\n<\/div>\n<p>[\/vc_column_text][g5element_space spacing=&#8221;45&#8243; spacing_md=&#8221;75&#8243;][\/vc_column][vc_column][g5element_space spacing=&#8221;80&#8243; spacing_md=&#8221;60&#8243;][g5element_gallery layout=&#8221;masonry-2&#8243; images=&#8221;3221,3222,3223,3224,3225,3226&#8243;][\/vc_column][vc_column el_class=&#8221;lg-col-pd-left-right-15&#8243; css=&#8221;.vc_custom_1620201097599{padding-right: 90px !important;padding-left: 90px !important;}&#8221; offset=&#8221;vc_col-lg-offset-1 vc_col-lg-10 vc_col-md-12&#8243;][g5element_space spacing=&#8221;45&#8243; spacing_md=&#8221;75&#8243;][g5element_heading layout_style=&#8221;style-02&#8243; title=&#8221;Cat\u00e1logos&#8221; title_typography=&#8221;%7B%22font_family%22%3A%22%22%2C%22font_weight%22%3A%22%22%2C%22font_style%22%3A%22%22%2C%22font_size_lg%22%3A%2240%22%2C%22font_size_md%22%3A%22%22%2C%22font_size_sm%22%3A%22%22%2C%22font_size_xs%22%3A%2232%22%2C%22align%22%3A%22%22%2C%22text_transform%22%3A%22%22%2C%22line_height%22%3A%221.5%22%2C%22letter_spacing%22%3A%22%22%2C%22color%22%3A%22%22%2C%22hover_color%22%3A%22%22%7D&#8221;][g5element_space spacing=&#8221;23&#8243;][vc_column_text]<\/p>\n<h4><a href=\"https:\/\/tendenciascortinasypersianas.com\/1\/?page_id=3128\"><span style=\"color: #ff6600;\">Gu\u00eda para la Toma de Medidas<\/span><\/a><\/h4>\n<p>[\/vc_column_text][\/vc_column][\/vc_row][vc_row][vc_column][g5element_space spacing=&#8221;55&#8243; spacing_md=&#8221;75&#8243;][g5element_heading layout_style=&#8221;style-02&#8243; title=&#8221;\u00bfDeseas Cotizar?&#8221; title_typography=&#8221;%7B%22font_family%22%3A%22%22%2C%22font_weight%22%3A%22%22%2C%22font_style%22%3A%22%22%2C%22font_size_lg%22%3A%2240%22%2C%22font_size_md%22%3A%22%22%2C%22font_size_sm%22%3A%22%22%2C%22font_size_xs%22%3A%2232%22%2C%22align%22%3A%22%22%2C%22text_transform%22%3A%22%22%2C%22line_height%22%3A%221.5%22%2C%22letter_spacing%22%3A%22%22%2C%22color%22%3A%22%22%2C%22hover_color%22%3A%22%22%7D&#8221;][ninja_form id=&#8221;2&#8243;][\/vc_column][\/vc_row]<\/p>\n","protected":false},"excerpt":{"rendered":"<p>[vc_row][vc_column offset=&#8221;vc_col-lg-offset-1 vc_col-lg-10 vc_col-md-12&#8243; el_class=&#8221;lg-col-pd-left-right-15&#8243; css=&#8221;.vc_custom_1620197640542{padding-right: 85px !important;padding-left: 85px !important;}&#8221;][vc_column_text css=&#8221;.vc_custom_1642524493279{margin-bottom: 0px !important;}&#8221;] Las Persianas Horizontales en Aluminio, son un dise\u00f1o pr\u00e1ctico y funcional de f\u00e1cil manejo, que siempre estar\u00e1 vigente por ser vers\u00e1til y durable. Las Persianas Horizontales en Aluminio est\u00e1n compuestas de laminillas que tienen un temple Full Hard H-19. El producto conlleva [&hellip;]<\/p>\n","protected":false},"author":1,"featured_media":0,"parent":0,"menu_order":0,"comment_status":"closed","ping_status":"closed","template":"","meta":{"footnotes":""},"class_list":["post-3220","page","type-page","status-publish","hentry"],"_links":{"self":[{"href":"https:\/\/tendenciascortinasypersianas.com\/1\/wp-json\/wp\/v2\/pages\/3220","targetHints":{"allow":["GET"]}}],"collection":[{"href":"https:\/\/tendenciascortinasypersianas.com\/1\/wp-json\/wp\/v2\/pages"}],"about":[{"href":"https:\/\/tendenciascortinasypersianas.com\/1\/wp-json\/wp\/v2\/types\/page"}],"author":[{"embeddable":true,"href":"https:\/\/tendenciascortinasypersianas.com\/1\/wp-json\/wp\/v2\/users\/1"}],"replies":[{"embeddable":true,"href":"https:\/\/tendenciascortinasypersianas.com\/1\/wp-json\/wp\/v2\/comments?post=3220"}],"version-history":[{"count":2,"href":"https:\/\/tendenciascortinasypersianas.com\/1\/wp-json\/wp\/v2\/pages\/3220\/revisions"}],"predecessor-version":[{"id":3375,"href":"https:\/\/tendenciascortinasypersianas.com\/1\/wp-json\/wp\/v2\/pages\/3220\/revisions\/3375"}],"wp:attachment":[{"href":"https:\/\/tendenciascortinasypersianas.com\/1\/wp-json\/wp\/v2\/media?parent=3220"}],"curies":[{"name":"wp","href":"https:\/\/api.w.org\/{rel}","templated":true}]}}