{"id":3131,"date":"2022-01-13T23:00:45","date_gmt":"2022-01-13T23:00:45","guid":{"rendered":"http:\/\/tendenciascortinasypersianas.com\/1\/?page_id=3131"},"modified":"2022-01-25T00:41:49","modified_gmt":"2022-01-25T00:41:49","slug":"persianas-enrollables","status":"publish","type":"page","link":"https:\/\/tendenciascortinasypersianas.com\/1\/persianas-enrollables\/","title":{"rendered":"Persianas Enrollables"},"content":{"rendered":"<p>[vc_row][vc_column offset=&#8221;vc_col-lg-offset-1 vc_col-lg-10 vc_col-md-12&#8243; el_class=&#8221;lg-col-pd-left-right-15&#8243; css=&#8221;.vc_custom_1620197640542{padding-right: 85px !important;padding-left: 85px !important;}&#8221;][vc_video link=&#8221;https:\/\/www.youtube.com\/watch?v=BRMeLuvuG1M&#8221;][g5element_space spacing=&#8221;45&#8243; spacing_md=&#8221;75&#8243;][vc_column_text css=&#8221;.vc_custom_1642114778450{margin-bottom: 0px !important;}&#8221;]<\/p>\n<div class=\"elementor-element elementor-element-9da1cb2 elementor-blockquote--skin-border elementor-blockquote--button-color-official elementor-widget elementor-widget-blockquote\" data-id=\"9da1cb2\" data-element_type=\"widget\" data-widget_type=\"blockquote.default\">\n<div class=\"elementor-widget-container\">\n<p class=\"txt-product-description\"><span style=\"color: #333333;\">Cuidamos cada detalle en la fabricaci\u00f3n de nuestras persianas y cortinas enrollables, para que recibas un producto moderno, \u00fanico, funcional, y decorativo. Puedes elegir entre una amplia gama de tejidos para tus pr\u00f3ximas cortinas enrollables: telas opacas que te dar\u00e1n un alto grado de privacidad y protecci\u00f3n de rayos UV, pero que te permitir\u00e1n el paso de la luz, telas transparentes que te permitir\u00e1n disfrutar del paisaje, o telas blackout que te permitir\u00e1n descansar como te lo mereces. Cada una de las colecciones est\u00e1 disponible en una selecta gama de colores.<\/span><\/p>\n<p class=\"elementor-blockquote__content\"><span style=\"color: #333333;\">La l\u00ednea de Enrollables es la uni\u00f3n perfecta entre est\u00e9tica y tecnolog\u00eda, aplicada a sus espacios. Es ideal para quienes buscan un m\u00e1ximo nivel de confort, con un producto pr\u00e1ctico y de f\u00e1cil manejo, que se adapta al dise\u00f1o de cualquier ambiente.<\/span><\/p>\n<p>&nbsp;<\/p>\n<\/div>\n<\/div>\n<div class=\"elementor-element elementor-element-1c7338f elementor-widget elementor-widget-text-editor\" data-id=\"1c7338f\" data-element_type=\"widget\" data-widget_type=\"text-editor.default\">\n<div class=\"elementor-widget-container\">\n<div class=\"elementor-text-editor elementor-clearfix\">\n<div data-packed=\"true\">\n<p class=\"font_8\"><span style=\"color: #333333;\">Las cortinas enrollables son productos de apariencia Minimalista, donde el protagonista es la tela, debido que\u00a0los espacios ocupados por los perfiles\u00a0son m\u00ednimos, puedes elegir entre los diferentes tejidos, como Black-out, Screen,\u00a0Telas Translucidas y dise\u00f1os personalizados.<\/span><\/p>\n<p class=\"font_8\"><span style=\"color: #333333;\">Las enrollables se pueden usar con accionamiento manual o motorizado para su mayor comodidad.<\/span><\/p>\n<\/div>\n<\/div>\n<\/div>\n<\/div>\n<p>[\/vc_column_text][g5element_space spacing=&#8221;45&#8243; spacing_md=&#8221;75&#8243;][\/vc_column][vc_column][g5element_space spacing=&#8221;80&#8243; spacing_md=&#8221;60&#8243;][g5element_gallery layout=&#8221;masonry-2&#8243; images=&#8221;3132,3133,3134,3135,3136,3137&#8243;][\/vc_column][vc_column el_class=&#8221;lg-col-pd-left-right-15&#8243; css=&#8221;.vc_custom_1620201097599{padding-right: 90px !important;padding-left: 90px !important;}&#8221; offset=&#8221;vc_col-lg-offset-1 vc_col-lg-10 vc_col-md-12&#8243;][g5element_space spacing=&#8221;45&#8243; spacing_md=&#8221;75&#8243;][g5element_heading layout_style=&#8221;style-02&#8243; title=&#8221;Cat\u00e1logos&#8221; title_typography=&#8221;%7B%22font_family%22%3A%22%22%2C%22font_weight%22%3A%22%22%2C%22font_style%22%3A%22%22%2C%22font_size_lg%22%3A%2240%22%2C%22font_size_md%22%3A%22%22%2C%22font_size_sm%22%3A%22%22%2C%22font_size_xs%22%3A%2232%22%2C%22align%22%3A%22%22%2C%22text_transform%22%3A%22%22%2C%22line_height%22%3A%221.5%22%2C%22letter_spacing%22%3A%22%22%2C%22color%22%3A%22%22%2C%22hover_color%22%3A%22%22%7D&#8221;][g5element_space spacing=&#8221;23&#8243;][vc_column_text]<\/p>\n<h4><a href=\"https:\/\/tendenciascortinasypersianas.com\/1\/?page_id=3154\">Ver C\u00e1talogo de Telas Poliester<\/a><br \/>\n<a href=\"https:\/\/tendenciascortinasypersianas.com\/1\/?page_id=3159\">Ver C\u00e1talogo de Telas Screen<\/a><br \/>\n<a href=\"https:\/\/tendenciascortinasypersianas.com\/1\/?page_id=3162\">Ver C\u00e1talogo de Cabezales<\/a><br \/>\n<a href=\"https:\/\/tendenciascortinasypersianas.com\/1\/?page_id=3164\">Dise\u00f1os para Estampar Persianas<\/a><br \/>\n<a href=\"https:\/\/tendenciascortinasypersianas.com\/1\/?page_id=3128\"><span style=\"color: #ff6600;\">Gu\u00eda para la Toma de Medidas<\/span><\/a><\/h4>\n<p>[\/vc_column_text][\/vc_column][\/vc_row][vc_row][vc_column][g5element_space spacing=&#8221;55&#8243; spacing_md=&#8221;75&#8243;][g5element_heading layout_style=&#8221;style-02&#8243; title=&#8221;\u00bfDeseas Cotizar?&#8221; title_typography=&#8221;%7B%22font_family%22%3A%22%22%2C%22font_weight%22%3A%22%22%2C%22font_style%22%3A%22%22%2C%22font_size_lg%22%3A%2240%22%2C%22font_size_md%22%3A%22%22%2C%22font_size_sm%22%3A%22%22%2C%22font_size_xs%22%3A%2232%22%2C%22align%22%3A%22%22%2C%22text_transform%22%3A%22%22%2C%22line_height%22%3A%221.5%22%2C%22letter_spacing%22%3A%22%22%2C%22color%22%3A%22%22%2C%22hover_color%22%3A%22%22%7D&#8221;][ninja_form id=&#8221;2&#8243;][\/vc_column][\/vc_row]<\/p>\n","protected":false},"excerpt":{"rendered":"<p>[vc_row][vc_column offset=&#8221;vc_col-lg-offset-1 vc_col-lg-10 vc_col-md-12&#8243; el_class=&#8221;lg-col-pd-left-right-15&#8243; css=&#8221;.vc_custom_1620197640542{padding-right: 85px !important;padding-left: 85px !important;}&#8221;][vc_video link=&#8221;https:\/\/www.youtube.com\/watch?v=BRMeLuvuG1M&#8221;][g5element_space spacing=&#8221;45&#8243; spacing_md=&#8221;75&#8243;][vc_column_text css=&#8221;.vc_custom_1642114778450{margin-bottom: 0px !important;}&#8221;] Cuidamos cada detalle en la fabricaci\u00f3n de nuestras persianas y cortinas enrollables, para que recibas un producto moderno, \u00fanico, funcional, y decorativo. Puedes elegir entre una amplia gama de tejidos para tus pr\u00f3ximas cortinas enrollables: telas opacas que te [&hellip;]<\/p>\n","protected":false},"author":1,"featured_media":0,"parent":0,"menu_order":0,"comment_status":"closed","ping_status":"closed","template":"","meta":{"footnotes":""},"class_list":["post-3131","page","type-page","status-publish","hentry"],"_links":{"self":[{"href":"https:\/\/tendenciascortinasypersianas.com\/1\/wp-json\/wp\/v2\/pages\/3131","targetHints":{"allow":["GET"]}}],"collection":[{"href":"https:\/\/tendenciascortinasypersianas.com\/1\/wp-json\/wp\/v2\/pages"}],"about":[{"href":"https:\/\/tendenciascortinasypersianas.com\/1\/wp-json\/wp\/v2\/types\/page"}],"author":[{"embeddable":true,"href":"https:\/\/tendenciascortinasypersianas.com\/1\/wp-json\/wp\/v2\/users\/1"}],"replies":[{"embeddable":true,"href":"https:\/\/tendenciascortinasypersianas.com\/1\/wp-json\/wp\/v2\/comments?post=3131"}],"version-history":[{"count":14,"href":"https:\/\/tendenciascortinasypersianas.com\/1\/wp-json\/wp\/v2\/pages\/3131\/revisions"}],"predecessor-version":[{"id":3144,"href":"https:\/\/tendenciascortinasypersianas.com\/1\/wp-json\/wp\/v2\/pages\/3131\/revisions\/3144"}],"wp:attachment":[{"href":"https:\/\/tendenciascortinasypersianas.com\/1\/wp-json\/wp\/v2\/media?parent=3131"}],"curies":[{"name":"wp","href":"https:\/\/api.w.org\/{rel}","templated":true}]}}